{"id":2677,"date":"2022-12-19T21:53:51","date_gmt":"2022-12-19T21:53:51","guid":{"rendered":"https:\/\/www.hmunicipal.gob.ec\/sitio\/membership-copy-copy-2-copy-copy-copy-2-copy-copy-copy-copy-copy-2-copy-copy-copy-2\/"},"modified":"2022-12-19T22:36:15","modified_gmt":"2022-12-19T22:36:15","slug":"membership-copy-copy-2-copy-copy-copy-2-copy-copy-copy-copy-copy-2-copy-copy-copy-2","status":"publish","type":"page","link":"https:\/\/www.hmunicipal.gob.ec\/sitio\/membership-copy-copy-2-copy-copy-copy-2-copy-copy-copy-copy-copy-2-copy-copy-copy-2\/","title":{"rendered":"Concurso M\u00e9ritos Personal Enfermeria"},"content":{"rendered":"\t\t<div data-elementor-type=\"wp-page\" data-elementor-id=\"2677\" class=\"elementor elementor-2677\">\n\t\t\t\t\t\t\t\t\t<section class=\"elementor-section elementor-top-section elementor-element elementor-element-76d141b2 elementor-section-boxed elementor-section-height-default elementor-section-height-default\" data-id=\"76d141b2\" data-element_type=\"section\" data-settings=\"{&quot;background_background&quot;:&quot;classic&quot;}\">\n\t\t\t\t\t\t\t<div class=\"elementor-background-overlay\"><\/div>\n\t\t\t\t\t\t\t<div class=\"elementor-container elementor-column-gap-no\">\n\t\t\t\t\t<div class=\"elementor-column elementor-col-100 elementor-top-column elementor-element elementor-element-1b42fcb2\" data-id=\"1b42fcb2\" data-element_type=\"column\">\n\t\t\t<div class=\"elementor-widget-wrap elementor-element-populated\">\n\t\t\t\t\t\t\t\t<div class=\"elementor-element elementor-element-7eaf78f0 elementor-widget elementor-widget-heading\" data-id=\"7eaf78f0\" data-element_type=\"widget\" data-widget_type=\"heading.default\">\n\t\t\t\t<div class=\"elementor-widget-container\">\n\t\t\t<style>\/*! elementor - v3.8.1 - 13-11-2022 *\/\n.elementor-heading-title{padding:0;margin:0;line-height:1}.elementor-widget-heading .elementor-heading-title[class*=elementor-size-]>a{color:inherit;font-size:inherit;line-height:inherit}.elementor-widget-heading .elementor-heading-title.elementor-size-small{font-size:15px}.elementor-widget-heading .elementor-heading-title.elementor-size-medium{font-size:19px}.elementor-widget-heading .elementor-heading-title.elementor-size-large{font-size:29px}.elementor-widget-heading .elementor-heading-title.elementor-size-xl{font-size:39px}.elementor-widget-heading .elementor-heading-title.elementor-size-xxl{font-size:59px}<\/style><h2 class=\"elementor-heading-title elementor-size-default\">Concursos M\u00e9ritos y Oposici\u00f3n Personal de Enfermeria y Nutrici\u00f3n<\/h2>\t\t<\/div>\n\t\t\t\t<\/div>\n\t\t\t\t\t<\/div>\n\t\t<\/div>\n\t\t\t\t\t\t\t<\/div>\n\t\t<\/section>\n\t\t\t\t<section class=\"elementor-section elementor-top-section elementor-element elementor-element-cc576b8 elementor-section-boxed elementor-section-height-default elementor-section-height-default\" data-id=\"cc576b8\" data-element_type=\"section\">\n\t\t\t\t\t\t<div class=\"elementor-container elementor-column-gap-default\">\n\t\t\t\t\t<div class=\"elementor-column elementor-col-100 elementor-top-column elementor-element elementor-element-132a4fd\" data-id=\"132a4fd\" data-element_type=\"column\">\n\t\t\t<div class=\"elementor-widget-wrap elementor-element-populated\">\n\t\t\t\t\t\t\t\t\t<\/div>\n\t\t<\/div>\n\t\t\t\t\t\t\t<\/div>\n\t\t<\/section>\n\t\t\t\t<section class=\"elementor-section elementor-top-section elementor-element elementor-element-3d5d83a8 elementor-section-content-middle elementor-reverse-mobile elementor-section-boxed elementor-section-height-default elementor-section-height-default\" data-id=\"3d5d83a8\" data-element_type=\"section\" data-settings=\"{&quot;background_background&quot;:&quot;classic&quot;}\">\n\t\t\t\t\t\t<div class=\"elementor-container elementor-column-gap-no\">\n\t\t\t\t\t<div class=\"elementor-column elementor-col-50 elementor-top-column elementor-element elementor-element-4bd1ef6f elementor-hidden-phone\" data-id=\"4bd1ef6f\" data-element_type=\"column\">\n\t\t\t<div class=\"elementor-widget-wrap elementor-element-populated\">\n\t\t\t\t\t\t\t\t<div class=\"elementor-element elementor-element-53d64b1 elementor-widget elementor-widget-text-editor\" data-id=\"53d64b1\" data-element_type=\"widget\" data-widget_type=\"text-editor.default\">\n\t\t\t\t<div class=\"elementor-widget-container\">\n\t\t\t<style>\/*! elementor - v3.8.1 - 13-11-2022 *\/\n.elementor-widget-text-editor.elementor-drop-cap-view-stacked .elementor-drop-cap{background-color:#818a91;color:#fff}.elementor-widget-text-editor.elementor-drop-cap-view-framed .elementor-drop-cap{color:#818a91;border:3px solid;background-color:transparent}.elementor-widget-text-editor:not(.elementor-drop-cap-view-default) .elementor-drop-cap{margin-top:8px}.elementor-widget-text-editor:not(.elementor-drop-cap-view-default) .elementor-drop-cap-letter{width:1em;height:1em}.elementor-widget-text-editor .elementor-drop-cap{float:left;text-align:center;line-height:1;font-size:50px}.elementor-widget-text-editor .elementor-drop-cap-letter{display:inline-block}<\/style>\t\t\t\t<header><h1>\u00a0<\/h1><div><h2><b>CONCURSO M\u00c9RITO PERSONAL DE ENFERMER\u00cdA <\/b><\/h2><\/div><div>Por Miguel Villaruel<time datetime=\"2017-12-04T15:25:33+00:00\">4 diciembre, 2017<\/time>Noticias<\/div><\/header><div><p>VERIFICACI\u00d3N DEL M\u00c9RITO.- Ver resultado de la verificaci\u00f3n del m\u00e9rito del Concurso.<\/p><p>Ver archivo: <a href=\"https:\/\/drive.google.com\/file\/d\/1XUB1CeYJ8vdhqadaQRGnfNJp0V_y7cjf\/view?usp=share_link\" target=\"_blank\" rel=\"noopener\">VerificacionMerito<\/a><\/p><p><strong>NOMBRE DE LA INSTITUCION:<\/strong> HOSPITAL MUNICIPAL NUESTRA SE\u00d1ORA DE LA MERCED<\/p><p><strong>\u00a0<\/strong><strong>DENOMINACION DEL PUESTO: <\/strong>ENFERMERA<\/p><p><strong>\u00a0<\/strong><strong>UNIDAD ADMINISTRATIVA:<\/strong> JEFATURA M\u00c8DICA<\/p><p><strong>\u00a0<\/strong><strong>GRUPO OCUPACIONAL: <\/strong>SERVIDOR PUBLICO 5<\/p><p><strong>GRADO: <\/strong>12<\/p><p><strong>R.M.U:<\/strong> 1212.00<\/p><p><strong>\u00a0<\/strong><strong>EXPERIENCIA SOLICITADA:<\/strong> LICENCIATURA EN ENFERMER\u00cdA \/ LICENCIATURA EN ENFERMER\u00cdA \/ LICENCIATURA EN ENFERMER\u00cdA<\/p><p><strong>\u00a0<\/strong><strong>INSTRUCION FORMAL REQUERIDA:<\/strong> ACTIVIDADES RELACIONADAS AL CARGO \/ ACTIVIDADES RELACIONADAS AL CARGO \/ ACTIVIDADES RELACIONADAS AL CARGO<\/p><\/div>\t\t\t\t\t\t<\/div>\n\t\t\t\t<\/div>\n\t\t\t\t<div class=\"elementor-element elementor-element-29ba6f2 elementor-widget elementor-widget-text-editor\" data-id=\"29ba6f2\" data-element_type=\"widget\" data-widget_type=\"text-editor.default\">\n\t\t\t\t<div class=\"elementor-widget-container\">\n\t\t\t\t\t\t\t<header class=\"entry-header\"><h1 class=\"title-post entry-title\">Cuadro de Pruebas Concurso de M\u00e9ritos y Oposici\u00f3n<\/h1><div class=\"entry-meta entry-meta-below delimiter-dot\"><span class=\"byline\"><span class=\"author vcard\">\u00a0<\/span><\/span><\/div><div class=\"entry-meta entry-meta-below delimiter-dot\"><span class=\"byline\"><span class=\"author vcard\">\u00a0<\/span><\/span><\/div><div class=\"entry-meta entry-meta-below delimiter-dot\"><h2><span class=\"byline\"><span class=\"author vcard\"><b>CUADRO DE PRUEBAS CONCURSO DE M\u00c9RITO Y OPOSICI\u00d3N<\/b><br \/><\/span><\/span><\/h2><\/div><div class=\"entry-meta entry-meta-below delimiter-dot\"><span class=\"byline\"><span class=\"author vcard\">Por Miguel Villaruel<\/span><\/span><span class=\"posted-on\"><time class=\"entry-date published\" datetime=\"2017-12-11T17:10:42+00:00\">11 diciembre, 2017<\/time><\/span><span class=\"cat-links\">Noticias<\/span><\/div><\/header><div class=\"entry-content\"><div>Se comunica a todos los postulantes que las pruebas t\u00e9cnicas y psicom\u00e9tricas se llevar\u00e1 a cabo el d\u00eda mi\u00e9rcoles\u00a0<span id=\"OBJ_PREFIX_DWT796_com_zimbra_date\" class=\"Object\" role=\"link\">13 de diciembre<\/span>\u00a0de acuerdo al listado y horario adjuntos en Universidad T\u00e9cnica de Ambato (Av. Los Chasquis)<\/div><div>\u00a0<\/div><div>ENFERMER\u00cdA:<\/div><div>Se comunica a todos los postulantes que las pruebas t\u00e9cnicas y psicom\u00e9tricas se llevar\u00e1 a cabo el d\u00eda mi\u00e9rcoles\u00a0<span id=\"OBJ_PREFIX_DWT796_com_zimbra_date\" class=\"Object\" role=\"link\">13 de diciembre<\/span>\u00a0de acuerdo al listado y horario adjuntos en la Facultad de Ciencias Humanas y de la Eduaci\u00f3n de la Universidad T\u00e9cnica de Ambato (Av. Los Chasquis).<\/div><div>NOTA: Como requisito para rendir las evaluaciones, presentarse con la c\u00e9dula de identidad.<\/div><div><div>\u00a0<\/div><div>NUTRICIONISTA:<\/div><p>Se comunica a todos los postulantes que las pruebas t\u00e9cnicas y psicom\u00e9tricas se llevar\u00e1 a cabo el d\u00eda jueves\u00a0<span id=\"OBJ_PREFIX_DWT797_com_zimbra_date\" class=\"Object\" role=\"link\">14 de diciembre<\/span>\u00a0de acuerdo al listado y horario adjuntos en la Facultad de Ciencias Humanas y de la Eduaci\u00f3n de la Universidad T\u00e9cnica de Ambato (Av. Los Chasquis).<\/p><\/div><div><div>NOTA: Como requisito para rendir las evaluaciones, presentarse con la c\u00e9dula de identidad.<\/div><\/div><div>Ver Anexos<\/div><div><a href=\"https:\/\/drive.google.com\/file\/d\/1He8iNOvN2uVTShPK0h4rgUKI7mmLY651\/view?usp=share_link\" target=\"_blank\" rel=\"noopener\">PUESTO ENFERMER\u00cdA<\/a><\/div><div><a href=\"https:\/\/drive.google.com\/file\/d\/1Zi212foGLJf7ngz1R-CC4FbeJeTpcsvS\/view?usp=share_link\" target=\"_blank\" rel=\"noopener\">PUESTO NUTRICIONISTA<\/a><\/div><div>\u00a0<\/div><div>Atentamente,<br \/>Psi. Ind. Irene Segovia<br \/>Analista de Talento Humano HMNSM.<\/div><\/div>\t\t\t\t\t\t<\/div>\n\t\t\t\t<\/div>\n\t\t\t\t<div class=\"elementor-element elementor-element-95ec935 elementor-widget elementor-widget-text-editor\" data-id=\"95ec935\" data-element_type=\"widget\" data-widget_type=\"text-editor.default\">\n\t\t\t\t<div class=\"elementor-widget-container\">\n\t\t\t\t\t\t\t<header><div>\u00a0<\/div><div>\u00a0<\/div><div><h2>RESULTADOS PRUEBAS CONCURSOS DE M\u00c9RITO Y OPOSICI\u00d3N <\/h2><\/div><br \/><div>Por Miguel Villaruel<time datetime=\"2017-12-15T15:54:06+00:00\">15 diciembre, 2017<\/time>Noticias<\/div><div><p>Publicaci\u00f3n de los resultados de las pruebas de evaluaci\u00f3n y psicom\u00e9tricas para los cargos en el Hospital Municipal Nuestra Se\u00f1ora de la mercedVer Resultados<\/p><p><a href=\"https:\/\/drive.google.com\/file\/d\/11YOlZZwOLE3inwlAE09AtZMYGDSLWkvr\/view?usp=share_link\" target=\"_blank\" rel=\"noopener\">Notas T\u00e9cnico Psicom\u00e9trica Nutrici\u00f3n<\/a><\/p><p><a href=\"https:\/\/drive.google.com\/file\/d\/1bSiGkVH6z4eeEOht4iSGNMNfHIysIshL\/view?usp=share_link\" target=\"_blank\" rel=\"noopener\">NotasT\u00e9cnico Psicom\u00e9trica Enfermer\u00eda<\/a><\/p><\/div><\/header>\t\t\t\t\t\t<\/div>\n\t\t\t\t<\/div>\n\t\t\t\t<div class=\"elementor-element elementor-element-c619373 elementor-widget elementor-widget-text-editor\" data-id=\"c619373\" data-element_type=\"widget\" data-widget_type=\"text-editor.default\">\n\t\t\t\t<div class=\"elementor-widget-container\">\n\t\t\t\t\t\t\t<header><div>\u00a0<\/div><div>\u00a0<\/div><div><h2>ENTREVISTAS A POSTULANTES A CARGOS DEL HOSPITAL MUNICIPAL \u00a0<\/h2><\/div><div><div>Por Miguel Villaruel<time datetime=\"2017-12-26T19:03:27+00:00\">26 diciembre, 2017<\/time>Noticias<\/div><p>Entrevistas a postulantes para cargos de Nutrici\u00f3n y enfermer\u00eda del Hospital Municipal Nuestra Se\u00f1ora de la Merced.<\/p><p><a href=\"https:\/\/drive.google.com\/file\/d\/1nlGvyMH9RO6o0StrwpKEQFfAamNobySR\/view?usp=share_link\">Entrevistas Postulantes de Nutri<\/a><a href=\"https:\/\/respaldo.solucionesbiblicas.com\/wp-content\/uploads\/2017\/12\/Postulantes-entrevista-Nut.pdf\">ci\u00f3n<\/a><\/p><p><a href=\"https:\/\/drive.google.com\/file\/d\/13MukC-78xteGULN859yTYjxg8iK0rXqM\/view?usp=share_link\">Entrevistas Postulantes de Enfermer\u00eda<\/a><\/p><\/div><\/header>\t\t\t\t\t\t<\/div>\n\t\t\t\t<\/div>\n\t\t\t\t<div class=\"elementor-element elementor-element-62c2520 jkit-social-shape shape-none elementor-widget elementor-widget-jkit_social_share\" data-id=\"62c2520\" data-element_type=\"widget\" data-widget_type=\"jkit_social_share.default\">\n\t\t\t\t<div class=\"elementor-widget-container\">\n\t\t\t<div class=\"jeg-elementor-kit jkit-social-share jeg_module___69ff341391876\"><ul class=\"social-share-list\"><li class=\"elementor-repeater-item-2e4de1d\" data-social=\"facebook\">\n\t\t\t\t<a class=\"facebook social-icon\"><i aria-hidden=\"true\" class=\"fab fa-facebook-f\"><\/i><\/a>\n\t\t\t<\/li><li class=\"elementor-repeater-item-343dcc1\" data-social=\"twitter\">\n\t\t\t\t<a class=\"twitter social-icon\"><i aria-hidden=\"true\" class=\"fab fa-twitter\"><\/i><\/a>\n\t\t\t<\/li><li class=\"elementor-repeater-item-9416082\" data-social=\"linkedin\">\n\t\t\t\t<a class=\"linkedin social-icon\"><i aria-hidden=\"true\" class=\"fab fa-linkedin-in\"><\/i><\/a>\n\t\t\t<\/li><\/ul><\/div>\t\t<\/div>\n\t\t\t\t<\/div>\n\t\t\t\t\t<\/div>\n\t\t<\/div>\n\t\t\t\t<div class=\"elementor-column elementor-col-50 elementor-top-column elementor-element elementor-element-78ac5c99\" data-id=\"78ac5c99\" data-element_type=\"column\">\n\t\t\t<div class=\"elementor-widget-wrap elementor-element-populated\">\n\t\t\t\t\t\t\t\t<div class=\"elementor-element elementor-element-450888d elementor-widget elementor-widget-image\" data-id=\"450888d\" data-element_type=\"widget\" data-widget_type=\"image.default\">\n\t\t\t\t<div class=\"elementor-widget-container\">\n\t\t\t<style>\/*! elementor - v3.8.1 - 13-11-2022 *\/\n.elementor-widget-image{text-align:center}.elementor-widget-image a{display:inline-block}.elementor-widget-image a img[src$=\".svg\"]{width:48px}.elementor-widget-image img{vertical-align:middle;display:inline-block}<\/style>\t\t\t\t\t\t\t\t\t\t\t\t<img loading=\"lazy\" decoding=\"async\" width=\"800\" height=\"210\" src=\"https:\/\/www.hmunicipal.gob.ec\/sitio\/wp-content\/uploads\/2022\/12\/sin-fondo-1024x269.png\" class=\"attachment-large size-large\" alt=\"\" srcset=\"https:\/\/www.hmunicipal.gob.ec\/sitio\/wp-content\/uploads\/2022\/12\/sin-fondo-1024x269.png 1024w, https:\/\/www.hmunicipal.gob.ec\/sitio\/wp-content\/uploads\/2022\/12\/sin-fondo-300x79.png 300w, https:\/\/www.hmunicipal.gob.ec\/sitio\/wp-content\/uploads\/2022\/12\/sin-fondo-768x202.png 768w, https:\/\/www.hmunicipal.gob.ec\/sitio\/wp-content\/uploads\/2022\/12\/sin-fondo.png 1233w\" sizes=\"auto, (max-width: 800px) 100vw, 800px\" \/>\t\t\t\t\t\t\t\t\t\t\t\t\t\t\t<\/div>\n\t\t\t\t<\/div>\n\t\t\t\t\t<\/div>\n\t\t<\/div>\n\t\t\t\t\t\t\t<\/div>\n\t\t<\/section>\n\t\t\t\t\t\t\t<\/div>\n\t\t","protected":false},"excerpt":{"rendered":"<p>Concursos M\u00e9ritos y Oposici\u00f3n Personal de Enfermeria y Nutrici\u00f3n \u00a0 CONCURSO M\u00c9RITO PERSONAL DE ENFERMER\u00cdA Por Miguel Villaruel4 diciembre, 2017Noticias VERIFICACI\u00d3N DEL M\u00c9RITO.- Ver resultado de la verificaci\u00f3n del m\u00e9rito del Concurso. Ver archivo: VerificacionMerito NOMBRE DE LA INSTITUCION: HOSPITAL MUNICIPAL NUESTRA SE\u00d1ORA DE LA MERCED \u00a0DENOMINACION DEL PUESTO: ENFERMERA \u00a0UNIDAD ADMINISTRATIVA: JEFATURA M\u00c8DICA \u00a0GRUPO [&hellip;]<\/p>\n","protected":false},"author":1,"featured_media":0,"parent":0,"menu_order":0,"comment_status":"closed","ping_status":"closed","template":"","meta":{"footnotes":""},"class_list":["post-2677","page","type-page","status-publish","hentry"],"_links":{"self":[{"href":"https:\/\/www.hmunicipal.gob.ec\/sitio\/wp-json\/wp\/v2\/pages\/2677","targetHints":{"allow":["GET"]}}],"collection":[{"href":"https:\/\/www.hmunicipal.gob.ec\/sitio\/wp-json\/wp\/v2\/pages"}],"about":[{"href":"https:\/\/www.hmunicipal.gob.ec\/sitio\/wp-json\/wp\/v2\/types\/page"}],"author":[{"embeddable":true,"href":"https:\/\/www.hmunicipal.gob.ec\/sitio\/wp-json\/wp\/v2\/users\/1"}],"replies":[{"embeddable":true,"href":"https:\/\/www.hmunicipal.gob.ec\/sitio\/wp-json\/wp\/v2\/comments?post=2677"}],"version-history":[{"count":61,"href":"https:\/\/www.hmunicipal.gob.ec\/sitio\/wp-json\/wp\/v2\/pages\/2677\/revisions"}],"predecessor-version":[{"id":2743,"href":"https:\/\/www.hmunicipal.gob.ec\/sitio\/wp-json\/wp\/v2\/pages\/2677\/revisions\/2743"}],"wp:attachment":[{"href":"https:\/\/www.hmunicipal.gob.ec\/sitio\/wp-json\/wp\/v2\/media?parent=2677"}],"curies":[{"name":"wp","href":"https:\/\/api.w.org\/{rel}","templated":true}]}}